{"id":22,"date":"2020-06-15T06:43:14","date_gmt":"2020-06-15T06:43:14","guid":{"rendered":"https:\/\/gestionaseguros.co?page_id=22"},"modified":"2022-03-24T21:15:41","modified_gmt":"2022-03-24T21:15:41","slug":"home","status":"publish","type":"page","link":"https:\/\/gestionaseguros.co\/","title":{"rendered":"Inicio"},"content":{"rendered":"\t\t<div data-elementor-type=\"wp-page\" data-elementor-id=\"22\" class=\"elementor elementor-22\">\n\t\t\t\t\t\t<div class=\"elementor-inner\">\n\t\t\t\t<div class=\"elementor-section-wrap\">\n\t\t\t\t\t\t\t\t\t<section class=\"elementor-section elementor-top-section elementor-element elementor-element-d277f0e elementor-section-boxed elementor-section-height-default elementor-section-height-default\" data-id=\"d277f0e\" data-element_type=\"section\">\n\t\t\t\t\t\t<div class=\"elementor-container elementor-column-gap-default\">\n\t\t\t\t\t\t\t<div class=\"elementor-row\">\n\t\t\t\t\t<div class=\"elementor-column elementor-col-100 elementor-top-column elementor-element elementor-element-e3e78c1\" data-id=\"e3e78c1\" data-element_type=\"column\">\n\t\t\t<div class=\"elementor-column-wrap\">\n\t\t\t\t\t\t\t<div class=\"elementor-widget-wrap\">\n\t\t\t\t\t\t\t\t<\/div>\n\t\t\t\t\t<\/div>\n\t\t<\/div>\n\t\t\t\t\t\t\t\t<\/div>\n\t\t\t\t\t<\/div>\n\t\t<\/section>\n\t\t\t\t<section class=\"elementor-section elementor-top-section elementor-element elementor-element-7bec712 elementor-section-stretched elementor-section-full_width elementor-section-height-default elementor-section-height-default\" data-id=\"7bec712\" data-element_type=\"section\" data-settings=\"{&quot;stretch_section&quot;:&quot;section-stretched&quot;}\">\n\t\t\t\t\t\t<div class=\"elementor-container elementor-column-gap-no\">\n\t\t\t\t\t\t\t<div class=\"elementor-row\">\n\t\t\t\t\t<div class=\"elementor-column elementor-col-100 elementor-top-column elementor-element elementor-element-68ba505\" data-id=\"68ba505\" data-element_type=\"column\">\n\t\t\t<div class=\"elementor-column-wrap elementor-element-populated\">\n\t\t\t\t\t\t\t<div class=\"elementor-widget-wrap\">\n\t\t\t\t\t\t<div class=\"elementor-element elementor-element-fcea11d elementor-widget elementor-widget-fionca_banner\" data-id=\"fcea11d\" data-element_type=\"widget\" data-widget_type=\"fionca_banner.default\">\n\t\t\t\t<div class=\"elementor-widget-container\">\n\t\t\t\t\t\t\t\t<section class=\"banner-section\">\n\t\t\t\t<div class=\"banner-carousel owl-theme owl-carousel owl-dots-none\">\n\t\t\t\t\t\t\t\t\t\t\t<div class=\"slide-item\">\n\t\t\t\t\t\t\t<div class=\"image-layer\" style=\"background-image:url(https:\/\/gestionaseguros.co\/wp-content\/uploads\/2021\/01\/Acuerdo.jpg)\"><\/div>\n\t\t\t\t\t\t\t<div class=\"auto-container\">\n\t\t\t\t\t\t\t\t<div class=\"content-box \">\n\t\t\t\t\t\t\t\t\t\t\t\t\t\t\t\t\t\t<h1 class=\"heading\">Trabajamos junto a usted, en varios frentes, de acuerdo a sus necesidades.<\/h1>\n\t\t\t\t\t\t\t\t\t\t\t\t\t\t\t\t\t\t<div class=\"btn-box\">\n\t\t\t\t\t\t\t\t\t\t\t\t\t\t\t\t\t\t\t\t\t\t<a href=\"https:\/\/gestionaseguros.co\/ervice-page-01\/\" class=\"theme-btn style-one\">Conoce c\u00f3mo<\/a>\n\t\t\t\t\t\t\t\t\t\t\t\t\t\t\t\t\t\t\t\t\t\t\t\t\t\t\t\t\t\t\t<\/div>\n\t\t\t\t\t\t\t\t<\/div>\n\t\t\t\t\t\t\t<\/div>\n\t\t\t\t\t\t<\/div>\n\t\t\t\t\t\t\t\t\t<\/div>\n\t\t\t<\/section>\n\t\t\t\t\t\t<\/div>\n\t\t\t\t<\/div>\n\t\t\t\t\t\t<\/div>\n\t\t\t\t\t<\/div>\n\t\t<\/div>\n\t\t\t\t\t\t\t\t<\/div>\n\t\t\t\t\t<\/div>\n\t\t<\/section>\n\t\t\t\t<section class=\"elementor-section elementor-top-section elementor-element elementor-element-9455dff elementor-section-stretched elementor-section-full_width elementor-section-height-default elementor-section-height-default\" data-id=\"9455dff\" data-element_type=\"section\" data-settings=\"{&quot;stretch_section&quot;:&quot;section-stretched&quot;}\">\n\t\t\t\t\t\t<div class=\"elementor-container elementor-column-gap-default\">\n\t\t\t\t\t\t\t<div class=\"elementor-row\">\n\t\t\t\t\t<div class=\"elementor-column elementor-col-100 elementor-top-column elementor-element elementor-element-6d3df47\" data-id=\"6d3df47\" data-element_type=\"column\">\n\t\t\t<div class=\"elementor-column-wrap elementor-element-populated\">\n\t\t\t\t\t\t\t<div class=\"elementor-widget-wrap\">\n\t\t\t\t\t\t<div class=\"elementor-element elementor-element-9be2a8c elementor-widget elementor-widget-fionca_information\" data-id=\"9be2a8c\" data-element_type=\"widget\" data-widget_type=\"fionca_information.default\">\n\t\t\t\t<div class=\"elementor-widget-container\">\n\t\t\t\t\t<!-- info-section -->\n\t\t\t\t\t<section class=\"info-section\">\n\t\t\t\t<div class=\"auto-container\">\n\t\t\t\t\t<div class=\"row clearfix\">\n\t\t\t\t\t\t<div class=\"col-lg-7 col-md-12 col-sm-12 title-column\">\n\t\t\t\t\t\t\t<div class=\"title-inner\">\n\t\t\t\t\t\t\t\t<div class=\"year-box\">\n\t\t\t\t\t\t\t\t\t<figure class=\"image-box\"><img src=\"https:\/\/gestionaseguros.co\/wp-content\/uploads\/2020\/06\/year-icon.png\" title=\"year-icon\" alt=\"year-icon\" \/><\/figure>\n\t\t\t\t\t\t\t\t\t<h2>+35<\/h2>\n\t\t\t\t\t\t\t\t\t<h3>A\u00d1OS<\/h3>\n\t\t\t\t\t\t\t\t<\/div>\n\t\t\t\t\t\t\t\t<div class=\"title\">\n\t\t\t\t\t\t\t\t\t<h2 class=\"heading\">de experiencia integral en\nel conocimiento del sector asegurador<\/h2>\n\t\t\t\t\t\t\t\t<\/div>\n\t\t\t\t\t\t\t<\/div>\n\t\t\t\t\t\t<\/div>\n\t\t\t\t\t\t<div class=\"col-lg-5 col-md-12 col-sm-12 text-column\">\n\t\t\t\t\t\t\t<div class=\"text\">\n\t\t\t\t\t\t\t\t<p>Brindamos un servicio comercial,\nt\u00e9cnico y operativo especializado en seguros, con\nsoporte integral que le permitir\u00e1 alcanzar un\ncrecimiento de su negocio en forma profesional.<\/p>\n\t\t\t\t\t\t\t\t<a href=\"\"  target=\"_blank\"  rel=\"nofollow\"><i class=\"fas fa-arrow-right\"><\/i><span>Conoce como lo hacemos<\/span><\/a>\n\t\t\t\t\t\t\t<\/div>\n\t\t\t\t\t\t<\/div>\n\t\t\t\t\t<\/div>\n\t\t\t\t<\/div>\n\t\t\t<\/section>\n\t\t\t<!-- info-section end -->\n\t\t\t\t\t<!-- info-style-two end -->\n\t\t\t\t<\/div>\n\t\t\t\t<\/div>\n\t\t\t\t\t\t<\/div>\n\t\t\t\t\t<\/div>\n\t\t<\/div>\n\t\t\t\t\t\t\t\t<\/div>\n\t\t\t\t\t<\/div>\n\t\t<\/section>\n\t\t\t\t<section class=\"elementor-section elementor-top-section elementor-element elementor-element-89f486b elementor-section-stretched elementor-section-full_width elementor-section-height-default elementor-section-height-default\" data-id=\"89f486b\" data-element_type=\"section\" data-settings=\"{&quot;stretch_section&quot;:&quot;section-stretched&quot;}\">\n\t\t\t\t\t\t<div class=\"elementor-container elementor-column-gap-default\">\n\t\t\t\t\t\t\t<div class=\"elementor-row\">\n\t\t\t\t\t<div class=\"elementor-column elementor-col-100 elementor-top-column elementor-element elementor-element-97287d8\" data-id=\"97287d8\" data-element_type=\"column\">\n\t\t\t<div class=\"elementor-column-wrap elementor-element-populated\">\n\t\t\t\t\t\t\t<div class=\"elementor-widget-wrap\">\n\t\t\t\t\t\t<div class=\"elementor-element elementor-element-2fcca66 elementor-widget elementor-widget-fionca_about\" data-id=\"2fcca66\" data-element_type=\"widget\" data-widget_type=\"fionca_about.default\">\n\t\t\t\t<div class=\"elementor-widget-container\">\n\t\t\t\t\t<!-- about-section -->\n\t\t\t\t\t<section class=\"about-section bg-color-1\">\n\t\t\t\t<div class=\"auto-container\">\n\t\t\t\t\t<div class=\"row clearfix\">\n\t\t\t\t\t\t<div class=\"col-lg-6 col-md-12 col-sm-12 video-column\">\n\t\t\t\t\t\t\t<div class=\"video-inner\">\n\t\t\t\t\t\t\t\t<figure class=\"image-box\"><img src=\"https:\/\/gestionaseguros.co\/wp-content\/uploads\/2021\/01\/Ejecutiva.jpg\" title=\"Tactico_su_mejor_a\u00f1iado\" alt=\"Ejecutiva dando una charla en una reuni\u00f3n de trabajo\" \/><\/figure>\n\t\t\t\t\t\t\t\t<div class=\"video-btn\">\n\t\t\t\t\t\t\t\t\t<a href=\"\" class=\"lightbox-image\" data-caption=\"\" style=\"background-image: url(https:\/\/gestionaseguros.co\/wp-content\/uploads\/2020\/06\/btn-bg.png);\"><i class=\"fas fa-play\"><\/i><\/a>\n\t\t\t\t\t\t\t\t<\/div>\n\t\t\t\t\t\t\t<\/div>\n\t\t\t\t\t\t<\/div>\n\t\t\t\t\t\t<div class=\"col-lg-6 col-md-12 col-sm-12 content-column\">\n\t\t\t\t\t\t\t<div id=\"content_block_one\">\n\t\t\t\t\t\t\t\t<div class=\"content-box\">\n\t\t\t\t\t\t\t\t\t<div class=\"sec-title left\">\n\t\t\t\t\t\t\t\t\t\t<h5><\/h5>\n\t\t\t\t\t\t\t\t\t\t<h2 class=\"heading\">\u00bfPor qu\u00e9 somos su mejor aliado? <\/h2>\n\t\t\t\t\t\t\t\t\t<\/div>\n\t\t\t\t\t\t\t\t\t<div class=\"text\">\n\t\t\t\t\t\t\t\t\t\t<p><\/p>\n\t\t\t\t\t\t\t\t\t<\/div>\n\t\t\t\t\t\t\t\t\t<div class=\"inner-box\">\n\t\t\t\t\t\t\t\t\t\t\t\t\t\t\t\t\t\t\t\t\t<div class=\"single-item\">\n\t\t\t\t\t\t\t\t\t\t\t\t<div class=\"icon-box\">\n\t\t\t\t\t\t\t\t\t\t\t\t\t<span class=\"bg-box\"><\/span>\n\t\t\t\t\t\t\t\t\t\t\t\t\t<i aria-hidden=\"true\" class=\" flaticon-computer-1\"><\/i>\t\t\t\t\t\t\t\t\t\t\t\t<\/div>\n\t\t\t\t\t\t\t\t\t\t\t\t<h4 class=\"headingtwo\">Acompa\u00f1amiento<\/h4>\n\t\t\t\t\t\t\t\t\t\t\t\t<p>En Gestiona encontrar\u00e1 orientaci\u00f3n y seguimiento para alcanzar sus metas.<\/p>\n\t\t\t\t\t\t\t\t\t\t\t<\/div>\n\t\t\t\t\t\t\t\t\t\t\t\t\t\t\t\t\t\t\t\t\t<div class=\"single-item\">\n\t\t\t\t\t\t\t\t\t\t\t\t<div class=\"icon-box\">\n\t\t\t\t\t\t\t\t\t\t\t\t\t<span class=\"bg-box\"><\/span>\n\t\t\t\t\t\t\t\t\t\t\t\t\t<i aria-hidden=\"true\" class=\" flaticon-target\"><\/i>\t\t\t\t\t\t\t\t\t\t\t\t<\/div>\n\t\t\t\t\t\t\t\t\t\t\t\t<h4 class=\"headingtwo\">Entendimiento de nuestros clientes<\/h4>\n\t\t\t\t\t\t\t\t\t\t\t\t<p>Entendemos sus\nnecesidades  para ofrecerle el producto que m\u00e1s se ajusta en el mercado actual.<\/p>\n\t\t\t\t\t\t\t\t\t\t\t<\/div>\n\t\t\t\t\t\t\t\t\t\t\t\t\t\t\t\t\t\t\t\t\t<div class=\"single-item\">\n\t\t\t\t\t\t\t\t\t\t\t\t<div class=\"icon-box\">\n\t\t\t\t\t\t\t\t\t\t\t\t\t<span class=\"bg-box\"><\/span>\n\t\t\t\t\t\t\t\t\t\t\t\t\t<i aria-hidden=\"true\" class=\" flaticon-browser-1\"><\/i>\t\t\t\t\t\t\t\t\t\t\t\t<\/div>\n\t\t\t\t\t\t\t\t\t\t\t\t<h4 class=\"headingtwo\"> Software propio<\/h4>\n\t\t\t\t\t\t\t\t\t\t\t\t<p>Permite el seguimiento y\nentendimiento de cada asesor, para orientarlo en su plan\nde acci\u00f3n que impacte el crecimiento de sus ventas.<\/p>\n\t\t\t\t\t\t\t\t\t\t\t<\/div>\n\t\t\t\t\t\t\t\t\t\t\t\t\t\t\t\t\t\t\t<\/div>\n\t\t\t\t\t\t\t\t<\/div>\n\t\t\t\t\t\t\t<\/div>\n\t\t\t\t\t\t<\/div>\n\t\t\t\t\t<\/div>\n\t\t\t\t<\/div>\n\t\t\t<\/section>\n\t\t\t<!-- about-section end -->\n\t\t\t\t\t<!-- about-style-four end -->\n\t\t\t\t<\/div>\n\t\t\t\t<\/div>\n\t\t\t\t\t\t<\/div>\n\t\t\t\t\t<\/div>\n\t\t<\/div>\n\t\t\t\t\t\t\t\t<\/div>\n\t\t\t\t\t<\/div>\n\t\t<\/section>\n\t\t\t\t<section class=\"elementor-section elementor-top-section elementor-element elementor-element-33fb975 elementor-section-stretched elementor-section-full_width elementor-section-height-default elementor-section-height-default\" data-id=\"33fb975\" data-element_type=\"section\" data-settings=\"{&quot;stretch_section&quot;:&quot;section-stretched&quot;}\">\n\t\t\t\t\t\t<div class=\"elementor-container elementor-column-gap-default\">\n\t\t\t\t\t\t\t<div class=\"elementor-row\">\n\t\t\t\t\t<div class=\"elementor-column elementor-col-100 elementor-top-column elementor-element elementor-element-dd752ef\" data-id=\"dd752ef\" data-element_type=\"column\">\n\t\t\t<div class=\"elementor-column-wrap elementor-element-populated\">\n\t\t\t\t\t\t\t<div class=\"elementor-widget-wrap\">\n\t\t\t\t\t\t<div class=\"elementor-element elementor-element-033925d elementor-widget elementor-widget-fionca_service\" data-id=\"033925d\" data-element_type=\"widget\" data-widget_type=\"fionca_service.default\">\n\t\t\t\t<div class=\"elementor-widget-container\">\n\t\t\t\t\t<!-- service-section -->\n\t\t\t\t\t<section class=\"service-section\">\n\t\t\t\t<div class=\"auto-container\">\n\t\t\t\t\t<div class=\"title-box\">\n\t\t\t\t\t\t<div class=\"row clearfix\">\n\t\t\t\t\t\t\t<div class=\"col-lg-6 col-md-12 col-sm-12 title-column\">\n\t\t\t\t\t\t\t\t<div class=\"sec-title right\">\n\t\t\t\t\t\t\t\t\t<h5><\/h5>\n\t\t\t\t\t\t\t\t\t<h2 class=\"heading\">Nuestros servicios<\/h2>\n\t\t\t\t\t\t\t\t<\/div>\n\t\t\t\t\t\t\t<\/div>\n\t\t\t\t\t\t\t<div class=\"col-lg-6 col-md-12 col-sm-12 text-column\">\n\t\t\t\t\t\t\t\t<div class=\"text\">\n\t\t\t\t\t\t\t\t\t<p>Conozca como contribuimos a la profesionalizaci\u00f3n del sector y sus asesores, a trav\u00e9s de la formaci\u00f3n, capacitaci\u00f3n y desarrollo de los mismos<\/p>\n\t\t\t\t\t\t\t\t<\/div>\n\t\t\t\t\t\t\t<\/div>\n\t\t\t\t\t\t<\/div>\n\t\t\t\t\t<\/div>\n\t\t\t\t\t<div class=\"inner-content\">\n\t\t\t\t\t\t<div class=\"row clearfix\">\n\t\t\t\t\t\t\t\t\t\t\t\t\t\t\t<div class=\"col-lg-4 col-md-6 col-sm-12 service-block\">\n\t\t\t\t\t\t\t\t\t<div class=\"service-block-one wow fadeInLeft animated animated\" data-wow-delay=\"0ms\" data-wow-duration=\"1500ms\">\n\t\t\t\t\t\t\t\t\t\t<div class=\"inner-box\">\n\t\t\t\t\t\t\t\t\t\t\t<h4><a href=\"https:\/\/gestionaseguros.co\/ervices\/planning-strategies\/\"  target=\"_blank\"  rel=\"nofollow\">Facilitaci\u00f3n<\/a><\/h4>\n\t\t\t\t\t\t\t\t\t\t\t<div class=\"inner\">\n\t\t\t\t\t\t\t\t\t\t\t\t<div class=\"icon-box\"><i aria-hidden=\"true\" class=\" flaticon-innovation\"><\/i><\/div>\n\t\t\t\t\t\t\t\t\t\t\t\t<p>Negocios sin la obligaci\u00f3n\nde abrir clave<\/p>\n\t\t\t\t\t\t\t\t\t\t\t\t<a href=\"https:\/\/gestionaseguros.co\/ervices\/planning-strategies\/\"  target=\"_blank\"  rel=\"nofollow\"><i class=\"fas fa-arrow-right\"><\/i><span>Conozca m\u00e1s<\/span><\/a>\n\t\t\t\t\t\t\t\t\t\t\t<\/div>\n\t\t\t\t\t\t\t\t\t\t<\/div>\n\t\t\t\t\t\t\t\t\t<\/div>\n\t\t\t\t\t\t\t\t<\/div>\n\t\t\t\t\t\t\t\t\t\t\t\t\t\t\t<div class=\"col-lg-4 col-md-6 col-sm-12 service-block\">\n\t\t\t\t\t\t\t\t\t<div class=\"service-block-one wow fadeInLeft animated animated\" data-wow-delay=\"0ms\" data-wow-duration=\"1500ms\">\n\t\t\t\t\t\t\t\t\t\t<div class=\"inner-box\">\n\t\t\t\t\t\t\t\t\t\t\t<h4><a href=\"https:\/\/gestionaseguros.co\/ervices\/financial-analysis\/\"  target=\"_blank\"  rel=\"nofollow\">Atenci\u00f3n de siniestros<\/a><\/h4>\n\t\t\t\t\t\t\t\t\t\t\t<div class=\"inner\">\n\t\t\t\t\t\t\t\t\t\t\t\t<div class=\"icon-box\"><i aria-hidden=\"true\" class=\" flaticon-growth-1\"><\/i><\/div>\n\t\t\t\t\t\t\t\t\t\t\t\t<p>Apoyo en entendimiento presentaci\u00f3n del siniestro<\/p>\n\t\t\t\t\t\t\t\t\t\t\t\t<a href=\"https:\/\/gestionaseguros.co\/ervices\/financial-analysis\/\"  target=\"_blank\"  rel=\"nofollow\"><i class=\"fas fa-arrow-right\"><\/i><span>Conozca m\u00e1s<\/span><\/a>\n\t\t\t\t\t\t\t\t\t\t\t<\/div>\n\t\t\t\t\t\t\t\t\t\t<\/div>\n\t\t\t\t\t\t\t\t\t<\/div>\n\t\t\t\t\t\t\t\t<\/div>\n\t\t\t\t\t\t\t\t\t\t\t\t\t\t\t<div class=\"col-lg-4 col-md-6 col-sm-12 service-block\">\n\t\t\t\t\t\t\t\t\t<div class=\"service-block-one wow fadeInLeft animated animated\" data-wow-delay=\"0ms\" data-wow-duration=\"1500ms\">\n\t\t\t\t\t\t\t\t\t\t<div class=\"inner-box\">\n\t\t\t\t\t\t\t\t\t\t\t<h4><a href=\"https:\/\/gestionaseguros.co\/ervices\/investment-trading\/\"  target=\"_blank\"  rel=\"nofollow\">Soporte - Back Office<\/a><\/h4>\n\t\t\t\t\t\t\t\t\t\t\t<div class=\"inner\">\n\t\t\t\t\t\t\t\t\t\t\t\t<div class=\"icon-box\"><i aria-hidden=\"true\" class=\" flaticon-networking\"><\/i><\/div>\n\t\t\t\t\t\t\t\t\t\t\t\t<p>Soporte integral seg\u00fan la necesidad del asesor<\/p>\n\t\t\t\t\t\t\t\t\t\t\t\t<a href=\"https:\/\/gestionaseguros.co\/ervices\/investment-trading\/\"  target=\"_blank\"  rel=\"nofollow\"><i class=\"fas fa-arrow-right\"><\/i><span>Conozca m\u00e1s<\/span><\/a>\n\t\t\t\t\t\t\t\t\t\t\t<\/div>\n\t\t\t\t\t\t\t\t\t\t<\/div>\n\t\t\t\t\t\t\t\t\t<\/div>\n\t\t\t\t\t\t\t\t<\/div>\n\t\t\t\t\t\t\t\t\t\t\t\t\t<\/div>\n\t\t\t\t\t<\/div>\n\t\t\t\t<\/div>\n\t\t\t<\/section>\n\t\t\t<!-- service-section end -->\n\t\t\t\t<!-- service-style-five end -->\n\t\t\t\t<\/div>\n\t\t\t\t<\/div>\n\t\t\t\t\t\t<\/div>\n\t\t\t\t\t<\/div>\n\t\t<\/div>\n\t\t\t\t\t\t\t\t<\/div>\n\t\t\t\t\t<\/div>\n\t\t<\/section>\n\t\t\t\t<section class=\"elementor-section elementor-top-section elementor-element elementor-element-6bfb471 elementor-section-stretched elementor-section-full_width elementor-section-height-default elementor-section-height-default\" data-id=\"6bfb471\" data-element_type=\"section\" data-settings=\"{&quot;stretch_section&quot;:&quot;section-stretched&quot;}\">\n\t\t\t\t\t\t<div class=\"elementor-container elementor-column-gap-no\">\n\t\t\t\t\t\t\t<div class=\"elementor-row\">\n\t\t\t\t\t<div class=\"elementor-column elementor-col-100 elementor-top-column elementor-element elementor-element-9bf0e40\" data-id=\"9bf0e40\" data-element_type=\"column\">\n\t\t\t<div class=\"elementor-column-wrap elementor-element-populated\">\n\t\t\t\t\t\t\t<div class=\"elementor-widget-wrap\">\n\t\t\t\t\t\t<div class=\"elementor-element elementor-element-2181d9a elementor-widget elementor-widget-fionca_blog_two\" data-id=\"2181d9a\" data-element_type=\"widget\" data-widget_type=\"fionca_blog_two.default\">\n\t\t\t\t<div class=\"elementor-widget-container\">\n\t\t\t\t\t<!-- Style 1 -->\n\n\t\t<section class=\"news-section bg-color-1\">\n\t\t\t<div class=\"auto-container\">\n\t\t\t\t<div class=\"sec-title centred\">\n\t\t\t\t\t<h5>Art\u00edculos en Tendencia<\/h5>\n\t\t\t\t\t<h2 class=\"heading\">Selecci\u00f3n especial<\/h2>\n\t\t\t\t<\/div>\n\t\t\t\t<div class=\"row clearfix\">\n\t\t\t\t\t\t\t\t\t\t\t\t<div class=\"col-lg-4 col-md-6 col-sm-12 news-block\">\n\t\t\t\t\t\t\t\t<div class=\"news-block-one wow fadeInUp animated animated\" data-wow-delay=\"00ms\" data-wow-duration=\"1500ms\">\n\t\t\t\t\t\t\t\t\t<div class=\"inner-box\">\n\t\t\t\t\t\t\t\t\t\t<figure class=\"image-box\">\n\t\t\t\t\t\t\t\t\t\t\t\t\t\t\t\t\t\t\t\t\t\t\t\t\t\t\t\t\t\t\t\t\t\t\t<span class=\"category\">Uncategorized<\/span>\n\t\t\t\t\t\t\t\t\t\t\t\t\t\t\t\t\t\t\t\t\t\t\t<a href=\"https:\/\/gestionaseguros.co\/index.php\/2020\/09\/18\/hello-world\/\"><\/a>\n\t\t\t\t\t\t\t\t\t\t<\/figure>\n\t\t\t\t\t\t\t\t\t\t<div class=\"lower-content\">\n\t\t\t\t\t\t\t\t\t\t\t<ul class=\"post-info\">\n\t\t\t\t\t\t\t\t\t\t\t\t<li><i class=\"far fa-user\"><\/i>By <a href=\"https:\/\/gestionaseguros.co\/index.php\/author\/admin\/\">admin<\/a><\/li>\n\t\t\t\t\t\t\t\t\t\t\t\t<li><i class=\"far fa-calendar-alt\"><\/i>Sep 18, 2020<\/li>\n\t\t\t\t\t\t\t\t\t\t\t<\/ul>\n\t\t\t\t\t\t\t\t\t\t\t<h3><a href=\"https:\/\/gestionaseguros.co\/index.php\/2020\/09\/18\/hello-world\/\">Hello world!<\/a><\/h3>\n\t\t\t\t\t\t\t\t\t\t\t<p>Welcome to WordPress. This is your first post. Edit or delete it, then start writing!<\/p>\n\t\t\t\t\t\t\t\t\t\t\t<div class=\"link\"><a href=\"https:\/\/gestionaseguros.co\/index.php\/2020\/09\/18\/hello-world\/\"><i class=\"fas fa-arrow-right\"><\/i><span>Read More<\/span><\/a><\/div>\n\t\t\t\t\t\t\t\t\t\t<\/div>\n\t\t\t\t\t\t\t\t\t<\/div>\n\t\t\t\t\t\t\t\t<\/div>\n\t\t\t\t\t\t\t<\/div>\n\t\t\t\t\t\t\t\t\t\t\t\t\t\t<div class=\"col-lg-4 col-md-6 col-sm-12 news-block\">\n\t\t\t\t\t\t\t\t<div class=\"news-block-one wow fadeInUp animated animated\" data-wow-delay=\"00ms\" data-wow-duration=\"1500ms\">\n\t\t\t\t\t\t\t\t\t<div class=\"inner-box\">\n\t\t\t\t\t\t\t\t\t\t<figure class=\"image-box\">\n\t\t\t\t\t\t\t\t\t\t\t\t\t\t\t\t\t\t\t\t\t\t\t\t\t\t\t\t\t\t\t\t\t\t\t<span class=\"category\">business<\/span>\n\t\t\t\t\t\t\t\t\t\t\t\t\t\t\t\t\t\t\t\t\t\t\t<a href=\"https:\/\/gestionaseguros.co\/index.php\/2020\/07\/25\/taking-action-for-benefits-of-busines-misluka\/\"><img width=\"360\" height=\"280\" src=\"https:\/\/gestionaseguros.co\/wp-content\/uploads\/2020\/06\/banner-8-360x280.jpg\" class=\"attachment-fionca-blog-grid size-fionca-blog-grid wp-post-image\" alt=\"\" loading=\"lazy\" \/><\/a>\n\t\t\t\t\t\t\t\t\t\t<\/figure>\n\t\t\t\t\t\t\t\t\t\t<div class=\"lower-content\">\n\t\t\t\t\t\t\t\t\t\t\t<ul class=\"post-info\">\n\t\t\t\t\t\t\t\t\t\t\t\t<li><i class=\"far fa-user\"><\/i>By <a href=\"https:\/\/gestionaseguros.co\/index.php\/author\/admin\/\">admin<\/a><\/li>\n\t\t\t\t\t\t\t\t\t\t\t\t<li><i class=\"far fa-calendar-alt\"><\/i>Jul 25, 2020<\/li>\n\t\t\t\t\t\t\t\t\t\t\t<\/ul>\n\t\t\t\t\t\t\t\t\t\t\t<h3><a href=\"https:\/\/gestionaseguros.co\/index.php\/2020\/07\/25\/taking-action-for-benefits-of-busines-misluka\/\">Take Action for the Best Strategy Benefits<\/a><\/h3>\n\t\t\t\t\t\t\t\t\t\t\t<p>Exea conse quat duis irurey dolor sed reprehen derit volupta velit cilum lorem incididunt labore sed magna exceptur aliqua.<\/p>\n\t\t\t\t\t\t\t\t\t\t\t<div class=\"link\"><a href=\"https:\/\/gestionaseguros.co\/index.php\/2020\/07\/25\/taking-action-for-benefits-of-busines-misluka\/\"><i class=\"fas fa-arrow-right\"><\/i><span>Read More<\/span><\/a><\/div>\n\t\t\t\t\t\t\t\t\t\t<\/div>\n\t\t\t\t\t\t\t\t\t<\/div>\n\t\t\t\t\t\t\t\t<\/div>\n\t\t\t\t\t\t\t<\/div>\n\t\t\t\t\t\t\t\t\t\t\t\t\t\t<div class=\"col-lg-4 col-md-6 col-sm-12 news-block\">\n\t\t\t\t\t\t\t\t<div class=\"news-block-one wow fadeInUp animated animated\" data-wow-delay=\"00ms\" data-wow-duration=\"1500ms\">\n\t\t\t\t\t\t\t\t\t<div class=\"inner-box\">\n\t\t\t\t\t\t\t\t\t\t<figure class=\"image-box\">\n\t\t\t\t\t\t\t\t\t\t\t\t\t\t\t\t\t\t\t\t\t\t\t\t\t\t\t\t\t\t\t\t\t\t\t<span class=\"category\">finance<\/span>\n\t\t\t\t\t\t\t\t\t\t\t\t\t\t\t\t\t\t\t\t\t\t\t<a href=\"https:\/\/gestionaseguros.co\/index.php\/2020\/07\/25\/boosting-relations-loyalty-anytime\/\"><img width=\"360\" height=\"280\" src=\"https:\/\/gestionaseguros.co\/wp-content\/uploads\/2020\/06\/banner-3-360x280.jpg\" class=\"attachment-fionca-blog-grid size-fionca-blog-grid wp-post-image\" alt=\"\" loading=\"lazy\" \/><\/a>\n\t\t\t\t\t\t\t\t\t\t<\/figure>\n\t\t\t\t\t\t\t\t\t\t<div class=\"lower-content\">\n\t\t\t\t\t\t\t\t\t\t\t<ul class=\"post-info\">\n\t\t\t\t\t\t\t\t\t\t\t\t<li><i class=\"far fa-user\"><\/i>By <a href=\"https:\/\/gestionaseguros.co\/index.php\/author\/admin\/\">admin<\/a><\/li>\n\t\t\t\t\t\t\t\t\t\t\t\t<li><i class=\"far fa-calendar-alt\"><\/i>Jul 25, 2020<\/li>\n\t\t\t\t\t\t\t\t\t\t\t<\/ul>\n\t\t\t\t\t\t\t\t\t\t\t<h3><a href=\"https:\/\/gestionaseguros.co\/index.php\/2020\/07\/25\/boosting-relations-loyalty-anytime\/\">Boosting Relations &#038; Loyalty, Anytime<\/a><\/h3>\n\t\t\t\t\t\t\t\t\t\t\t<p>Exea conse quat duis irurey dolor sed reprehen derit volupta velit cilum lorem incididunt labore sed magna exceptur aliqua.<\/p>\n\t\t\t\t\t\t\t\t\t\t\t<div class=\"link\"><a href=\"https:\/\/gestionaseguros.co\/index.php\/2020\/07\/25\/boosting-relations-loyalty-anytime\/\"><i class=\"fas fa-arrow-right\"><\/i><span>Read More<\/span><\/a><\/div>\n\t\t\t\t\t\t\t\t\t\t<\/div>\n\t\t\t\t\t\t\t\t\t<\/div>\n\t\t\t\t\t\t\t\t<\/div>\n\t\t\t\t\t\t\t<\/div>\n\t\t\t\t\t\t\t\n\t\t\t\t<\/div>\n\t\t\t<\/div>\n\t\t<\/section>\n\t\t<!-- news-style-three end -->\n\n\t\t\t\t<\/div>\n\t\t\t\t<\/div>\n\t\t\t\t\t\t<\/div>\n\t\t\t\t\t<\/div>\n\t\t<\/div>\n\t\t\t\t\t\t\t\t<\/div>\n\t\t\t\t\t<\/div>\n\t\t<\/section>\n\t\t\t\t<section class=\"elementor-section elementor-top-section elementor-element elementor-element-52d2b40 elementor-section-stretched elementor-section-full_width elementor-section-height-default elementor-section-height-default\" data-id=\"52d2b40\" data-element_type=\"section\" data-settings=\"{&quot;stretch_section&quot;:&quot;section-stretched&quot;}\">\n\t\t\t\t\t\t<div class=\"elementor-container elementor-column-gap-default\">\n\t\t\t\t\t\t\t<div class=\"elementor-row\">\n\t\t\t\t\t<div class=\"elementor-column elementor-col-100 elementor-top-column elementor-element elementor-element-9e77757\" data-id=\"9e77757\" data-element_type=\"column\">\n\t\t\t<div class=\"elementor-column-wrap elementor-element-populated\">\n\t\t\t\t\t\t\t<div class=\"elementor-widget-wrap\">\n\t\t\t\t\t\t<div class=\"elementor-element elementor-element-a3b9c8d elementor-widget elementor-widget-fionca_clients\" data-id=\"a3b9c8d\" data-element_type=\"widget\" data-widget_type=\"fionca_clients.default\">\n\t\t\t\t<div class=\"elementor-widget-container\">\n\t\t\t\t\t\t\t\t<section class=\"clients-section\">\n\t\t\t\t<div class=\"auto-container\">\n\t\t\t\t\t<div class=\"clients-carousel owl-carousel owl-theme owl-dots-none owl-nav-none\">\n\t\t\t\t\t\t\n\t\t\t\t\t\t\t<figure class=\"client-logo\"><a href=\"https:\/\/gestionaseguros.co\/\"  target=\"_blank\"  rel=\"nofollow\"><img src=\"https:\/\/gestionaseguros.co\/wp-content\/uploads\/2020\/06\/clients-1.png\" title=\"clients-1\" alt=\"clients-1\" \/><\/a><\/figure>\n\t\t\t\t\t\t\n\t\t\t\t\t\t\t<figure class=\"client-logo\"><a href=\"https:\/\/gestionaseguros.co\/\"  target=\"_blank\"  rel=\"nofollow\"><img src=\"https:\/\/gestionaseguros.co\/wp-content\/uploads\/2020\/06\/clients-2.png\" title=\"clients-2\" alt=\"clients-2\" \/><\/a><\/figure>\n\t\t\t\t\t\t\n\t\t\t\t\t\t\t<figure class=\"client-logo\"><a href=\"https:\/\/gestionaseguros.co\/\"  target=\"_blank\"  rel=\"nofollow\"><img src=\"https:\/\/gestionaseguros.co\/wp-content\/uploads\/2020\/06\/clients-3.png\" title=\"clients-3\" alt=\"clients-3\" \/><\/a><\/figure>\n\t\t\t\t\t\t\n\t\t\t\t\t\t\t<figure class=\"client-logo\"><a href=\"https:\/\/gestionaseguros.co\/\"  target=\"_blank\"  rel=\"nofollow\"><img src=\"https:\/\/gestionaseguros.co\/wp-content\/uploads\/2020\/06\/clients-4.png\" title=\"clients-4\" alt=\"clients-4\" \/><\/a><\/figure>\n\t\t\t\t\t\t\n\t\t\t\t\t\t\t<figure class=\"client-logo\"><a href=\"https:\/\/gestionaseguros.co\/\"  target=\"_blank\"  rel=\"nofollow\"><img src=\"https:\/\/gestionaseguros.co\/wp-content\/uploads\/2020\/06\/clients-5.png\" title=\"clients-5\" alt=\"clients-5\" \/><\/a><\/figure>\n\t\t\t\t\t\t\n\t\t\t\t\t<\/div>\n\t\t\t\t<\/div>\n\t\t\t<\/section>\n\t\t\t<!-- clients-section end -->\n\t\t\t\t\t\t<\/div>\n\t\t\t\t<\/div>\n\t\t\t\t\t\t<\/div>\n\t\t\t\t\t<\/div>\n\t\t<\/div>\n\t\t\t\t\t\t\t\t<\/div>\n\t\t\t\t\t<\/div>\n\t\t<\/section>\n\t\t\t\t\t\t\t\t\t<\/div>\n\t\t\t<\/div>\n\t\t\t\t\t<\/div>\n\t\t","protected":false},"excerpt":{"rendered":"<p>Trabajamos junto a usted, en varios frentes, de acuerdo a sus necesidades. Conoce c\u00f3mo +35 A\u00d1OS de experiencia integral en <span>&#8230;<\/span><\/p>\n","protected":false},"author":1,"featured_media":0,"parent":0,"menu_order":0,"comment_status":"closed","ping_status":"closed","template":"elementor_header_footer","meta":[],"_links":{"self":[{"href":"https:\/\/gestionaseguros.co\/index.php\/wp-json\/wp\/v2\/pages\/22"}],"collection":[{"href":"https:\/\/gestionaseguros.co\/index.php\/wp-json\/wp\/v2\/pages"}],"about":[{"href":"https:\/\/gestionaseguros.co\/index.php\/wp-json\/wp\/v2\/types\/page"}],"author":[{"embeddable":true,"href":"https:\/\/gestionaseguros.co\/index.php\/wp-json\/wp\/v2\/users\/1"}],"replies":[{"embeddable":true,"href":"https:\/\/gestionaseguros.co\/index.php\/wp-json\/wp\/v2\/comments?post=22"}],"version-history":[{"count":76,"href":"https:\/\/gestionaseguros.co\/index.php\/wp-json\/wp\/v2\/pages\/22\/revisions"}],"predecessor-version":[{"id":2001,"href":"https:\/\/gestionaseguros.co\/index.php\/wp-json\/wp\/v2\/pages\/22\/revisions\/2001"}],"wp:attachment":[{"href":"https:\/\/gestionaseguros.co\/index.php\/wp-json\/wp\/v2\/media?parent=22"}],"curies":[{"name":"wp","href":"https:\/\/api.w.org\/{rel}","templated":true}]}}